 common factor of 4 and 21952652?
4
Calculate the greatest common factor of 258 and 184708650.
258
Calculate the greatest common divisor of 478265 and 505.
5
Calculate the greatest common factor of 9123990 and 4104.
114
Calculate the greatest common divisor of 362671 and 17814183.
5413
Calculate the highest common divisor of 295 and 33913849.
59
What is the highest common divisor of 3011896 and 368?
184
Calculate the highest common divisor of 5509673 and 12636.
13
Calculate the highest common factor of 42 and 466216149.
21
What is the greatest common factor of 12749 and 8407386?
1159
Calculate the highest common factor of 805792 and 364.
52
Calculate the highest common factor of 2255 and 78817211.
451
What is the highest common divisor of 66792412 and 4?
4
What is the greatest common factor of 2443289 and 1273?
67
Calculate the highest common factor of 56510 and 1290.
10
What is the highest common divisor of 26863950 and 13035?
1185
What is the greatest common divisor of 43707 and 5905587?
2571
Calculate the greatest common factor of 544 and 7419106.
34
What is the greatest common factor of 130150077 and 345?
69
What is the greatest common divisor of 12719220 and 120?
60
Calculate the highest common factor of 191 and 101157229.
191
What is the highest common factor of 434319 and 24?
3
What is the greatest common divisor of 1476436864 and 464?
464
What is the greatest common factor of 36250 and 89030?
290
Calculate the highest common divisor of 69190 and 6970.
170
What is the greatest common factor of 156 and 10104549?
39
What is the highest common factor of 327585472 and 256?
64
What is the highest common divisor of 28440171 and 477?
477
Calculate the greatest common factor of 117 and 83558787.
39
Calculate the greatest common factor of 1914 and 7280566.
58
Calculate the highest common factor of 1563108 and 236.
4
What is the highest common divisor of 362067012 and 2484?
828
What is the highest common factor of 32 and 15786704?
16
Calculate the highest common divisor of 1193491 and 6487.
13
Calculate the highest common factor of 3085 and 6775894.
617
What is the highest common divisor of 5965518 and 156?
78
What is the highest common factor of 89 and 1002487634?
89
Calculate the highest common divisor of 136560006 and 66.
66
Calculate the highest common divisor of 39311464 and 56758.
4366
What is the greatest common divisor of 4664425 and 473?
43
Calculate the highest common divisor of 346037 and 1325.
53
What is the greatest common factor of 4971 and 3918805?
1657
What is the greatest common divisor of 11663944 and 184?
184
Calculate the highest common factor of 14080 and 7491110.
110
What is the greatest common factor of 2948989 and 1779?
593
What is the greatest common factor of 69 and 676581?
3
Calculate the greatest common divisor of 571992 and 312.
24
Calculate the highest common divisor of 100 and 760563420.
20
What is the highest common factor of 5805 and 2590785?
135
What is the greatest common factor of 660 and 886353160?
220
Calculate the greatest common factor of 735101 and 346519.
2003
What is the greatest common factor of 3255282534 and 217?
217
What is the greatest common divisor of 145 and 2111108650?
145
Calculate the greatest common factor of 100335 and 1741.
1
What is the greatest common factor of 33097 and 27515119?
1439
What is the greatest common divisor of 16767 and 3974400?
621
Calculate the greatest common factor of 8813532 and 24843.
1911
What is the highest common divisor of 43585 and 1150265?
1895
Calculate the greatest common factor of 3119487 and 2352.
147
Calculate the highest common factor of 100441185 and 16997.
739
What is the highest common factor of 80723 and 2654514?
89
What is the highest common factor of 53400 and 10040?
40
What is the greatest common divisor of 175483 and 2837527?
3311
Calculate the greatest common factor of 29180 and 3140.
20
Calculate the highest common divisor of 9009 and 120263.
143
Calculate the highest common divisor of 135 and 39816135.
45
What is the greatest common divisor of 18 and 668819709?
9
Calculate the greatest common divisor of 4846 and 112381163.
2423
Calculate the greatest common factor of 293716 and 90598.
194
What is the highest common divisor of 738 and 202492809?
369
Calculate the greatest common factor of 1288 and 3031392.
56
Calculate the greatest common divisor of 855 and 341390670.
285
Calculate the highest common divisor of 3035 and 25573517.
607
Calculate the highest common divisor of 68107907 and 17178.
2863
What is the highest common factor of 17095678 and 6?
2
What is the highest common divisor of 530936 and 206087?
3493
What is the greatest common divisor of 17881780 and 560?
140
Calculate the greatest common factor of 13113 and 17639.
31
What is the highest common divisor of 357994 and 4572386?
1274
What is the highest common factor of 102723995 and 55?
55
Calculate the highest common divisor of 1587978 and 24516.
54
What is the highest common divisor of 264200 and 12200?
200
What is the highest common divisor of 3938194 and 10688?
334
What is the highest common divisor of 43924950 and 675?
675
Calculate the greatest common divisor of 2824 and 37879724.
1412
Calculate the highest common divisor of 32540 and 135920.
20
What is the greatest common divisor of 324465 and 2055?
15
What is the greatest common divisor of 6806 and 1385266016?
6806
What is the greatest common factor of 773175 and 143655?
915
What is the highest common factor of 1541619 and 1737?
9
Calculate the highest common factor of 211281585 and 155.
155
Calculate the highest common factor of 34025012 and 1764.
196
What is the greatest common divisor of 789160 and 77281?
109
What is the highest common divisor of 1578618 and 315?
9
Calculate the highest common factor of 192 and 2863032.
24
What is the greatest common factor of 6745070 and 110?
10
What is the greatest common factor of 33725398 and 56?
14
What is the highest common divisor of 2873668 and 7308?
812
Calculate the highest common factor of 20060 and 264910.
590
What is the highest common factor of 44775875 and 38250?
2125
Calculate the greatest common factor of 8990 and 406410.
310
Calculate the greatest common factor of 54 and 95244624.
18
Calculate the highest common factor of 12 and 2020664.
4
Calculate the greatest common divisor of 22916472 and 48.
24
Calculate the greatest common factor of 2412840 and 640.
40
What is the greatest common factor of 18966025 and 2535?
845
What is the greatest common factor of 89756 and 714505?
1181
Calculate the greatest common divisor of 8173794 and 6.
6
What is the highest common factor of 10 and 11776405?
5
Calculate the highest common divisor of 316325800 and 5950.
5950
Calculate the greatest common divisor of 261 and 1529487.
9
What is the highest common factor of 82 and 401498486?
82
Calculate the greatest common factor of 6363800961 and 119.
119
What is the greatest common divisor of 216138 and 118014?
1326
Calculate the greatest common divisor of 12217355 and 3495.
1165
What is the greatest common factor of 444 and 1675101?
111
What is the highest common divisor of 217507 and 517201?
199
Calculate the highest common divisor of 765 and 16830221.
17
What is the greatest common divisor of 8950320 and 1440?
720
What is the highest common divisor of 1904 and 511994?
14
Calculate the greatest common factor of 48 and 141189.
3
What is the greatest common divisor of 50961456 and 32?
16
What is the greatest common factor of 1773880 and 170?
10
Calculate the greatest common divisor of 13760 and 305.
5
What is the greatest common divisor of 35131019 and 11704?
1463
What is the highest common factor of 523723 and 397938?
2287
Calculate the greatest common divisor of 4417920 and 61152.
1248
Calculate the highest common divisor of 25 and 109006550.
25
Calculate the greatest common factor of 2603947 and 3873.
1291
What is the greatest common factor of 9520 and 7962850?
70
Calculate the greatest common factor of 928 and 46234128.
16
What is the highest common divisor of 2203921 and 3131?
101
Calculate the greatest common factor of 8046930 and 1587525.
5205
Calculate the greatest common factor of 165 and 2950024.
11
What is the highest common factor of 192 and 1538528?
32
Calculate the greatest commo